{"id":2,"date":"2024-07-11T17:34:20","date_gmt":"2024-07-11T17:34:20","guid":{"rendered":"http:\/\/www.ekoteknik.net\/?page_id=2"},"modified":"2024-07-12T13:21:15","modified_gmt":"2024-07-12T13:21:15","slug":"sample-page","status":"publish","type":"page","link":"http:\/\/www.ekoteknik.net\/?page_id=2","title":{"rendered":"Galeri"},"content":{"rendered":"\n<p>Eko Teknik Dan\u0131\u015fmanl\u0131k Zirai \u00dcretim Ve Tek Hiz Taah San Ve Tic Ltd \u015eti\u00a0<\/p>\n\n\n\n<figure class=\"wp-block-gallery has-nested-images columns-default is-cropped wp-block-gallery-1 is-layout-flex wp-block-gallery-is-layout-flex\">\n<figure class=\"wp-block-image size-large\"><img loading=\"lazy\" decoding=\"async\" width=\"960\" height=\"540\" data-id=\"14\" src=\"http:\/\/www.ekoteknik.net\/wp-content\/uploads\/2024\/07\/a1.jpg\" alt=\"\" class=\"wp-image-14\" srcset=\"http:\/\/www.ekoteknik.net\/wp-content\/uploads\/2024\/07\/a1.jpg 960w, http:\/\/www.ekoteknik.net\/wp-content\/uploads\/2024\/07\/a1-300x169.jpg 300w, http:\/\/www.ekoteknik.net\/wp-content\/uploads\/2024\/07\/a1-768x432.jpg 768w\" sizes=\"auto, (max-width: 960px) 100vw, 960px\" \/><\/figure>\n\n\n\n<figure class=\"wp-block-image size-large\"><img loading=\"lazy\" decoding=\"async\" width=\"960\" height=\"540\" data-id=\"9\" src=\"http:\/\/www.ekoteknik.net\/wp-content\/uploads\/2024\/07\/d1.jpg\" alt=\"\" class=\"wp-image-9\" srcset=\"http:\/\/www.ekoteknik.net\/wp-content\/uploads\/2024\/07\/d1.jpg 960w, http:\/\/www.ekoteknik.net\/wp-content\/uploads\/2024\/07\/d1-300x169.jpg 300w, http:\/\/www.ekoteknik.net\/wp-content\/uploads\/2024\/07\/d1-768x432.jpg 768w\" sizes=\"auto, (max-width: 960px) 100vw, 960px\" \/><\/figure>\n\n\n\n<figure class=\"wp-block-image size-large\"><img loading=\"lazy\" decoding=\"async\" width=\"960\" height=\"540\" data-id=\"12\" src=\"http:\/\/www.ekoteknik.net\/wp-content\/uploads\/2024\/07\/d2.jpg\" alt=\"\" class=\"wp-image-12\" srcset=\"http:\/\/www.ekoteknik.net\/wp-content\/uploads\/2024\/07\/d2.jpg 960w, http:\/\/www.ekoteknik.net\/wp-content\/uploads\/2024\/07\/d2-300x169.jpg 300w, http:\/\/www.ekoteknik.net\/wp-content\/uploads\/2024\/07\/d2-768x432.jpg 768w\" sizes=\"auto, (max-width: 960px) 100vw, 960px\" \/><\/figure>\n\n\n\n<figure class=\"wp-block-image size-large\"><img loading=\"lazy\" decoding=\"async\" width=\"960\" height=\"540\" data-id=\"10\" src=\"http:\/\/www.ekoteknik.net\/wp-content\/uploads\/2024\/07\/d4.jpg\" alt=\"\" class=\"wp-image-10\" srcset=\"http:\/\/www.ekoteknik.net\/wp-content\/uploads\/2024\/07\/d4.jpg 960w, http:\/\/www.ekoteknik.net\/wp-content\/uploads\/2024\/07\/d4-300x169.jpg 300w, http:\/\/www.ekoteknik.net\/wp-content\/uploads\/2024\/07\/d4-768x432.jpg 768w\" sizes=\"auto, (max-width: 960px) 100vw, 960px\" \/><\/figure>\n\n\n\n<figure class=\"wp-block-image size-large\"><img loading=\"lazy\" decoding=\"async\" width=\"960\" height=\"540\" data-id=\"11\" src=\"http:\/\/www.ekoteknik.net\/wp-content\/uploads\/2024\/07\/d5.jpg\" alt=\"\" class=\"wp-image-11\" srcset=\"http:\/\/www.ekoteknik.net\/wp-content\/uploads\/2024\/07\/d5.jpg 960w, http:\/\/www.ekoteknik.net\/wp-content\/uploads\/2024\/07\/d5-300x169.jpg 300w, http:\/\/www.ekoteknik.net\/wp-content\/uploads\/2024\/07\/d5-768x432.jpg 768w\" sizes=\"auto, (max-width: 960px) 100vw, 960px\" \/><\/figure>\n\n\n\n<figure class=\"wp-block-image size-large\"><img loading=\"lazy\" decoding=\"async\" width=\"960\" height=\"540\" data-id=\"13\" src=\"http:\/\/www.ekoteknik.net\/wp-content\/uploads\/2024\/07\/d6.jpg\" alt=\"\" class=\"wp-image-13\" srcset=\"http:\/\/www.ekoteknik.net\/wp-content\/uploads\/2024\/07\/d6.jpg 960w, http:\/\/www.ekoteknik.net\/wp-content\/uploads\/2024\/07\/d6-300x169.jpg 300w, http:\/\/www.ekoteknik.net\/wp-content\/uploads\/2024\/07\/d6-768x432.jpg 768w\" sizes=\"auto, (max-width: 960px) 100vw, 960px\" \/><\/figure>\n\n\n\n<figure class=\"wp-block-image size-large\"><img loading=\"lazy\" decoding=\"async\" width=\"528\" height=\"960\" data-id=\"16\" src=\"http:\/\/www.ekoteknik.net\/wp-content\/uploads\/2024\/07\/d7.jpg\" alt=\"\" class=\"wp-image-16\" srcset=\"http:\/\/www.ekoteknik.net\/wp-content\/uploads\/2024\/07\/d7.jpg 528w, http:\/\/www.ekoteknik.net\/wp-content\/uploads\/2024\/07\/d7-165x300.jpg 165w\" sizes=\"auto, (max-width: 528px) 100vw, 528px\" \/><\/figure>\n\n\n\n<figure class=\"wp-block-image size-large\"><img loading=\"lazy\" decoding=\"async\" width=\"960\" height=\"540\" data-id=\"15\" src=\"http:\/\/www.ekoteknik.net\/wp-content\/uploads\/2024\/07\/d8.jpg\" alt=\"\" class=\"wp-image-15\" srcset=\"http:\/\/www.ekoteknik.net\/wp-content\/uploads\/2024\/07\/d8.jpg 960w, http:\/\/www.ekoteknik.net\/wp-content\/uploads\/2024\/07\/d8-300x169.jpg 300w, http:\/\/www.ekoteknik.net\/wp-content\/uploads\/2024\/07\/d8-768x432.jpg 768w\" sizes=\"auto, (max-width: 960px) 100vw, 960px\" \/><\/figure>\n\n\n\n<figure class=\"wp-block-image size-large\"><img loading=\"lazy\" decoding=\"async\" width=\"960\" height=\"540\" data-id=\"17\" src=\"http:\/\/www.ekoteknik.net\/wp-content\/uploads\/2024\/07\/d9.jpg\" alt=\"\" class=\"wp-image-17\" srcset=\"http:\/\/www.ekoteknik.net\/wp-content\/uploads\/2024\/07\/d9.jpg 960w, http:\/\/www.ekoteknik.net\/wp-content\/uploads\/2024\/07\/d9-300x169.jpg 300w, http:\/\/www.ekoteknik.net\/wp-content\/uploads\/2024\/07\/d9-768x432.jpg 768w\" sizes=\"auto, (max-width: 960px) 100vw, 960px\" \/><\/figure>\n\n\n\n<figure class=\"wp-block-image size-large\"><img loading=\"lazy\" decoding=\"async\" width=\"960\" height=\"540\" data-id=\"22\" src=\"http:\/\/www.ekoteknik.net\/wp-content\/uploads\/2024\/07\/d10.jpg\" alt=\"\" class=\"wp-image-22\" srcset=\"http:\/\/www.ekoteknik.net\/wp-content\/uploads\/2024\/07\/d10.jpg 960w, http:\/\/www.ekoteknik.net\/wp-content\/uploads\/2024\/07\/d10-300x169.jpg 300w, http:\/\/www.ekoteknik.net\/wp-content\/uploads\/2024\/07\/d10-768x432.jpg 768w\" sizes=\"auto, (max-width: 960px) 100vw, 960px\" \/><\/figure>\n\n\n\n<figure class=\"wp-block-image size-large\"><img loading=\"lazy\" decoding=\"async\" width=\"528\" height=\"960\" data-id=\"18\" src=\"http:\/\/www.ekoteknik.net\/wp-content\/uploads\/2024\/07\/e1.jpg\" alt=\"\" class=\"wp-image-18\" srcset=\"http:\/\/www.ekoteknik.net\/wp-content\/uploads\/2024\/07\/e1.jpg 528w, http:\/\/www.ekoteknik.net\/wp-content\/uploads\/2024\/07\/e1-165x300.jpg 165w\" sizes=\"auto, (max-width: 528px) 100vw, 528px\" \/><\/figure>\n\n\n\n<figure class=\"wp-block-image size-large\"><img loading=\"lazy\" decoding=\"async\" width=\"528\" height=\"960\" data-id=\"21\" src=\"http:\/\/www.ekoteknik.net\/wp-content\/uploads\/2024\/07\/e2.jpg\" alt=\"\" class=\"wp-image-21\" srcset=\"http:\/\/www.ekoteknik.net\/wp-content\/uploads\/2024\/07\/e2.jpg 528w, http:\/\/www.ekoteknik.net\/wp-content\/uploads\/2024\/07\/e2-165x300.jpg 165w\" sizes=\"auto, (max-width: 528px) 100vw, 528px\" \/><\/figure>\n\n\n\n<figure class=\"wp-block-image size-large\"><img loading=\"lazy\" decoding=\"async\" width=\"1024\" height=\"576\" data-id=\"25\" src=\"http:\/\/www.ekoteknik.net\/wp-content\/uploads\/2024\/07\/h3-1024x576.jpg\" alt=\"\" class=\"wp-image-25\" srcset=\"http:\/\/www.ekoteknik.net\/wp-content\/uploads\/2024\/07\/h3-1024x576.jpg 1024w, http:\/\/www.ekoteknik.net\/wp-content\/uploads\/2024\/07\/h3-300x169.jpg 300w, http:\/\/www.ekoteknik.net\/wp-content\/uploads\/2024\/07\/h3-768x432.jpg 768w, http:\/\/www.ekoteknik.net\/wp-content\/uploads\/2024\/07\/h3.jpg 1440w\" sizes=\"auto, (max-width: 1024px) 100vw, 1024px\" \/><\/figure>\n\n\n\n<figure class=\"wp-block-image size-large\"><img loading=\"lazy\" decoding=\"async\" width=\"960\" height=\"540\" data-id=\"20\" src=\"http:\/\/www.ekoteknik.net\/wp-content\/uploads\/2024\/07\/h5.jpg\" alt=\"\" class=\"wp-image-20\" srcset=\"http:\/\/www.ekoteknik.net\/wp-content\/uploads\/2024\/07\/h5.jpg 960w, http:\/\/www.ekoteknik.net\/wp-content\/uploads\/2024\/07\/h5-300x169.jpg 300w, http:\/\/www.ekoteknik.net\/wp-content\/uploads\/2024\/07\/h5-768x432.jpg 768w\" sizes=\"auto, (max-width: 960px) 100vw, 960px\" \/><\/figure>\n\n\n\n<figure class=\"wp-block-image size-large\"><img loading=\"lazy\" decoding=\"async\" width=\"960\" height=\"540\" data-id=\"24\" src=\"http:\/\/www.ekoteknik.net\/wp-content\/uploads\/2024\/07\/h7.jpg\" alt=\"\" class=\"wp-image-24\" srcset=\"http:\/\/www.ekoteknik.net\/wp-content\/uploads\/2024\/07\/h7.jpg 960w, http:\/\/www.ekoteknik.net\/wp-content\/uploads\/2024\/07\/h7-300x169.jpg 300w, http:\/\/www.ekoteknik.net\/wp-content\/uploads\/2024\/07\/h7-768x432.jpg 768w\" sizes=\"auto, (max-width: 960px) 100vw, 960px\" \/><\/figure>\n\n\n\n<figure class=\"wp-block-image size-large\"><img loading=\"lazy\" decoding=\"async\" width=\"960\" height=\"540\" data-id=\"19\" src=\"http:\/\/www.ekoteknik.net\/wp-content\/uploads\/2024\/07\/k1.jpg\" alt=\"\" class=\"wp-image-19\" srcset=\"http:\/\/www.ekoteknik.net\/wp-content\/uploads\/2024\/07\/k1.jpg 960w, http:\/\/www.ekoteknik.net\/wp-content\/uploads\/2024\/07\/k1-300x169.jpg 300w, http:\/\/www.ekoteknik.net\/wp-content\/uploads\/2024\/07\/k1-768x432.jpg 768w\" sizes=\"auto, (max-width: 960px) 100vw, 960px\" \/><\/figure>\n\n\n\n<figure class=\"wp-block-image size-large\"><img loading=\"lazy\" decoding=\"async\" width=\"960\" height=\"540\" data-id=\"23\" src=\"http:\/\/www.ekoteknik.net\/wp-content\/uploads\/2024\/07\/k2.jpg\" alt=\"\" class=\"wp-image-23\" srcset=\"http:\/\/www.ekoteknik.net\/wp-content\/uploads\/2024\/07\/k2.jpg 960w, http:\/\/www.ekoteknik.net\/wp-content\/uploads\/2024\/07\/k2-300x169.jpg 300w, http:\/\/www.ekoteknik.net\/wp-content\/uploads\/2024\/07\/k2-768x432.jpg 768w\" sizes=\"auto, (max-width: 960px) 100vw, 960px\" \/><\/figure>\n\n\n\n<figure class=\"wp-block-image size-large\"><img loading=\"lazy\" decoding=\"async\" width=\"960\" height=\"540\" data-id=\"26\" src=\"http:\/\/www.ekoteknik.net\/wp-content\/uploads\/2024\/07\/k3.jpg\" alt=\"\" class=\"wp-image-26\" srcset=\"http:\/\/www.ekoteknik.net\/wp-content\/uploads\/2024\/07\/k3.jpg 960w, http:\/\/www.ekoteknik.net\/wp-content\/uploads\/2024\/07\/k3-300x169.jpg 300w, http:\/\/www.ekoteknik.net\/wp-content\/uploads\/2024\/07\/k3-768x432.jpg 768w\" sizes=\"auto, (max-width: 960px) 100vw, 960px\" \/><\/figure>\n\n\n\n<figure class=\"wp-block-image size-large\"><img loading=\"lazy\" decoding=\"async\" width=\"960\" height=\"540\" data-id=\"27\" src=\"http:\/\/www.ekoteknik.net\/wp-content\/uploads\/2024\/07\/k4.jpg\" alt=\"\" class=\"wp-image-27\" srcset=\"http:\/\/www.ekoteknik.net\/wp-content\/uploads\/2024\/07\/k4.jpg 960w, http:\/\/www.ekoteknik.net\/wp-content\/uploads\/2024\/07\/k4-300x169.jpg 300w, http:\/\/www.ekoteknik.net\/wp-content\/uploads\/2024\/07\/k4-768x432.jpg 768w\" sizes=\"auto, (max-width: 960px) 100vw, 960px\" \/><\/figure>\n\n\n\n<figure class=\"wp-block-image size-large\"><img loading=\"lazy\" decoding=\"async\" width=\"528\" height=\"960\" data-id=\"29\" src=\"http:\/\/www.ekoteknik.net\/wp-content\/uploads\/2024\/07\/sef.jpg\" alt=\"\" class=\"wp-image-29\" srcset=\"http:\/\/www.ekoteknik.net\/wp-content\/uploads\/2024\/07\/sef.jpg 528w, http:\/\/www.ekoteknik.net\/wp-content\/uploads\/2024\/07\/sef-165x300.jpg 165w\" sizes=\"auto, (max-width: 528px) 100vw, 528px\" \/><\/figure>\n\n\n\n<figure class=\"wp-block-image size-large\"><img loading=\"lazy\" decoding=\"async\" width=\"960\" height=\"540\" data-id=\"28\" src=\"http:\/\/www.ekoteknik.net\/wp-content\/uploads\/2024\/07\/sef1.jpg\" alt=\"\" class=\"wp-image-28\" srcset=\"http:\/\/www.ekoteknik.net\/wp-content\/uploads\/2024\/07\/sef1.jpg 960w, http:\/\/www.ekoteknik.net\/wp-content\/uploads\/2024\/07\/sef1-300x169.jpg 300w, http:\/\/www.ekoteknik.net\/wp-content\/uploads\/2024\/07\/sef1-768x432.jpg 768w\" sizes=\"auto, (max-width: 960px) 100vw, 960px\" \/><\/figure>\n<\/figure>\n\n\n\n<blockquote class=\"wp-block-quote is-layout-flow wp-block-quote-is-layout-flow\">\n<h2 class=\"wp-block-heading\"><strong>K\u00fcnye<\/strong><\/h2>\n\n\n\n<p>Analizler ile Tamamen Sistemli Kontroll\u00fc Tar\u0131m \u00dcretimi yapmak i\u00e7in bizimle ileti\u015fime ge\u00e7iniz.<br><br>Tar\u0131m, Ziraat, Bah\u00e7e, Tarla, Meyve, \u00c7i\u00e7ek, Organik, Toprak, Dan\u0131\u015fmanl\u0131k, Zirai ila\u00e7, Tar\u0131msal \u0130la\u00e7lama, Toprak Analizi, Su Analizi, Ph<\/p>\n<\/blockquote>\n\n\n\n<p>&#8230;or something like this:<\/p>\n\n\n\n<blockquote class=\"wp-block-quote is-layout-flow wp-block-quote-is-layout-flow\">\n<p>The XYZ Doohickey Company was founded in 1971, and has been providing quality doohickeys to the public ever since. Located in Gotham City, XYZ employs over 2,000 people and does all kinds of awesome things for the Gotham community.<\/p>\n<\/blockquote>\n\n\n\n<p>As a new WordPress user, you should go to <a href=\"http:\/\/www.ekoteknik.net\/wp-admin\/\">your dashboard<\/a> to delete this page and create new pages for your content. Have fun!<\/p>\n","protected":false},"excerpt":{"rendered":"<p>Eko Teknik Dan\u0131\u015fmanl\u0131k Zirai \u00dcretim Ve Tek Hiz Taah San Ve Tic Ltd \u015eti\u00a0 K\u00fcnye Analizler ile Tamamen Sistemli Kontroll\u00fc Tar\u0131m \u00dcretimi yapmak i\u00e7in bizimle ileti\u015fime ge\u00e7iniz. Tar\u0131m, Ziraat, Bah\u00e7e, Tarla, Meyve, \u00c7i\u00e7ek, Organik, Toprak, Dan\u0131\u015fmanl\u0131k, Zirai ila\u00e7, Tar\u0131msal \u0130la\u00e7lama, Toprak Analizi, Su Analizi, Ph &#8230;or something like this: The XYZ Doohickey Company was founded [&hellip;]<\/p>\n","protected":false},"author":1,"featured_media":0,"parent":0,"menu_order":0,"comment_status":"closed","ping_status":"open","template":"","meta":{"footnotes":""},"class_list":["post-2","page","type-page","status-publish","hentry"],"_links":{"self":[{"href":"http:\/\/www.ekoteknik.net\/index.php?rest_route=\/wp\/v2\/pages\/2","targetHints":{"allow":["GET"]}}],"collection":[{"href":"http:\/\/www.ekoteknik.net\/index.php?rest_route=\/wp\/v2\/pages"}],"about":[{"href":"http:\/\/www.ekoteknik.net\/index.php?rest_route=\/wp\/v2\/types\/page"}],"author":[{"embeddable":true,"href":"http:\/\/www.ekoteknik.net\/index.php?rest_route=\/wp\/v2\/users\/1"}],"replies":[{"embeddable":true,"href":"http:\/\/www.ekoteknik.net\/index.php?rest_route=%2Fwp%2Fv2%2Fcomments&post=2"}],"version-history":[{"count":2,"href":"http:\/\/www.ekoteknik.net\/index.php?rest_route=\/wp\/v2\/pages\/2\/revisions"}],"predecessor-version":[{"id":37,"href":"http:\/\/www.ekoteknik.net\/index.php?rest_route=\/wp\/v2\/pages\/2\/revisions\/37"}],"wp:attachment":[{"href":"http:\/\/www.ekoteknik.net\/index.php?rest_route=%2Fwp%2Fv2%2Fmedia&parent=2"}],"curies":[{"name":"wp","href":"https:\/\/api.w.org\/{rel}","templated":true}]}}